{"id":5,"date":"2023-02-27T17:58:45","date_gmt":"2023-02-27T17:58:45","guid":{"rendered":"https:\/\/steroidtester.com\/?page_id=5"},"modified":"2023-06-26T03:37:29","modified_gmt":"2023-06-26T03:37:29","slug":"kopa-steroider-i-sverige","status":"publish","type":"page","link":"https:\/\/steroidtester.com\/index.php\/kopa-steroider-i-sverige\/","title":{"rendered":"K\u00f6pa steroider i Sverige"},"content":{"rendered":"\n<h2>Vilka hemsidor i Sverige s\u00e4ljer anabola steroider?<\/h2>\n\n\n\n<p>Det finns en uppsj\u00f6 av olika hemsidor som s\u00e4ljer anabola steroider i Sverige och vi benar ut vilka hemsidor som vi upplever att det \u00e4r tryggt att handla fr\u00e5n. Vi har st\u00e4llt oss tre olika fr\u00e5gor.<\/p>\n\n\n\n<h2>K\u00f6pa steroider s\u00e4kert<\/h2>\n\n\n\n<p>I Sverige har vi testat att <a href=\"https:\/\/anabolasteroider.net\/\">k\u00f6pa steroider<\/a> utan problem med leveranser eller betalningar fr\u00e5n 3st hemsidor. Swedstore, Anabolasteroider.net och Steroidkungen. Alla dessa hemsidor har svarat p\u00e5 v\u00e5ra fr\u00e5gor p\u00e5 krypterad mail, alla har levererat med lite olika intervall mellan 3-14 dagar. Snabbast p\u00e5 att leverera var Anabolasteroider.net och Swedstore, t\u00e4tt f\u00f6ljt av Steroidkungen. Det finns s\u00e5klart fler hemsidor som s\u00e4ljer steroider men dessa \u00e4r de hemsidor som vi har mest erfarenhet att handla ifr\u00e5n.<\/p>\n\n\n\n<h2>K\u00e4nda m\u00e4rken p\u00e5 steroider<\/h2>\n\n\n\n<p>Osaka Hormone fr\u00e5n Japan och Alpha Pharma \u00e4r de mest mest k\u00e4nda steroiderna i denna j\u00e4mf\u00f6relse, f\u00f6ljt av Anabolasteroider.net som \u00e4r nyast p\u00e5 marknaden.<\/p>\n\n\n\n<h2>Steroider som tillverkas i Sverige<\/h2>\n\n\n\n<p>Osaka tillvekas i Japan och Alpha Pharma tillverkas i Indinen. <a href=\"http:\/\/Anabolasteroider.net\">Anabolasteroider.net<\/a> i Sverige. Vad som \u00e4r b\u00e4st l\u00e5ter vi vara osagt, stora tillverkare \u00e4r ofta s\u00e4kert men att tillverka en steroid p\u00e5 hemmaplan tyder p\u00e5 h\u00f6g kunskap och vetskapen om vad varje steroid inneh\u00e5ller. Valet \u00e4r en smaksak.<\/p>\n\n\n\n<h3>L\u00e4nkar till hemsidor som s\u00e4ljer anabola steroider:<\/h3>\n\n\n\n<p><br><a href=\"https:\/\/swedstore.com\/\" target=\"_blank\" rel=\"noreferrer noopener\">Swedstore<\/a><br><a href=\"https:\/\/steroidkungen.com\/\">Steroidkungen<br><\/a><a href=\"https:\/\/anabolasteroider.net\/\">Anabolasteroider<\/a><\/p>\n","protected":false},"excerpt":{"rendered":"<p>Vilka hemsidor i Sverige s\u00e4ljer anabola steroider? Det finns en uppsj\u00f6 av olika hemsidor som s\u00e4ljer anabola steroider i Sverige och vi benar ut vilka<\/p>\n","protected":false},"author":2,"featured_media":6,"parent":0,"menu_order":0,"comment_status":"closed","ping_status":"closed","template":"","meta":[],"yoast_head":"<!-- This site is optimized with the Yoast SEO plugin v20.1 - https:\/\/yoast.com\/wordpress\/plugins\/seo\/ -->\n<title>K\u00f6pa steroider i Sverige - steroidtester.com<\/title>\n<meta name=\"description\" content=\"K\u00f6pa steroider i Sverige. Det finns en uppsj\u00f6 av olika hemsidor som s\u00e4ljer steroider och vi v\u00e4ljer ut n\u00e5gra hemsidor att handla fr\u00e5n.\" \/>\n<meta name=\"robots\" content=\"index, follow, max-snippet:-1, max-image-preview:large, max-video-preview:-1\" \/>\n<link rel=\"canonical\" href=\"https:\/\/steroidtester.com\/index.php\/kopa-steroider-i-sverige\/\" \/>\n<meta property=\"og:locale\" content=\"sv_SE\" \/>\n<meta property=\"og:type\" content=\"article\" \/>\n<meta property=\"og:title\" content=\"K\u00f6pa steroider i Sverige - steroidtester.com\" \/>\n<meta property=\"og:description\" content=\"K\u00f6pa steroider i Sverige. Det finns en uppsj\u00f6 av olika hemsidor som s\u00e4ljer steroider och vi v\u00e4ljer ut n\u00e5gra hemsidor att handla fr\u00e5n.\" \/>\n<meta property=\"og:url\" content=\"https:\/\/steroidtester.com\/index.php\/kopa-steroider-i-sverige\/\" \/>\n<meta property=\"og:site_name\" content=\"steroidtester.com\" \/>\n<meta property=\"article:modified_time\" content=\"2023-06-26T03:37:29+00:00\" \/>\n<meta property=\"og:image\" content=\"http:\/\/steroidtester.com\/wp-content\/uploads\/2023\/02\/Vi-testar-olika-marken-av-anabola-steroider-i-sverige.jpg\" \/>\n\t<meta property=\"og:image:width\" content=\"2300\" \/>\n\t<meta property=\"og:image:height\" content=\"500\" \/>\n\t<meta property=\"og:image:type\" content=\"image\/jpeg\" \/>\n<meta name=\"twitter:card\" content=\"summary_large_image\" \/>\n<meta name=\"twitter:label1\" content=\"Ber\u00e4knad l\u00e4stid\" \/>\n\t<meta name=\"twitter:data1\" content=\"2 minuter\" \/>\n<script type=\"application\/ld+json\" class=\"yoast-schema-graph\">{\"@context\":\"https:\/\/schema.org\",\"@graph\":[{\"@type\":\"WebPage\",\"@id\":\"https:\/\/steroidtester.com\/index.php\/kopa-steroider-i-sverige\/\",\"url\":\"https:\/\/steroidtester.com\/index.php\/kopa-steroider-i-sverige\/\",\"name\":\"K\u00f6pa steroider i Sverige - steroidtester.com\",\"isPartOf\":{\"@id\":\"https:\/\/steroidtester.com\/#website\"},\"datePublished\":\"2023-02-27T17:58:45+00:00\",\"dateModified\":\"2023-06-26T03:37:29+00:00\",\"description\":\"K\u00f6pa steroider i Sverige. Det finns en uppsj\u00f6 av olika hemsidor som s\u00e4ljer steroider och vi v\u00e4ljer ut n\u00e5gra hemsidor att handla fr\u00e5n.\",\"breadcrumb\":{\"@id\":\"https:\/\/steroidtester.com\/index.php\/kopa-steroider-i-sverige\/#breadcrumb\"},\"inLanguage\":\"sv-SE\",\"potentialAction\":[{\"@type\":\"ReadAction\",\"target\":[\"https:\/\/steroidtester.com\/index.php\/kopa-steroider-i-sverige\/\"]}]},{\"@type\":\"BreadcrumbList\",\"@id\":\"https:\/\/steroidtester.com\/index.php\/kopa-steroider-i-sverige\/#breadcrumb\",\"itemListElement\":[{\"@type\":\"ListItem\",\"position\":1,\"name\":\"Hem\",\"item\":\"https:\/\/steroidtester.com\/\"},{\"@type\":\"ListItem\",\"position\":2,\"name\":\"K\u00f6pa steroider i Sverige\"}]},{\"@type\":\"WebSite\",\"@id\":\"https:\/\/steroidtester.com\/#website\",\"url\":\"https:\/\/steroidtester.com\/\",\"name\":\"steroidtester.com\",\"description\":\"K\u00f6p steroider s\u00e4kert i Sverige\",\"potentialAction\":[{\"@type\":\"SearchAction\",\"target\":{\"@type\":\"EntryPoint\",\"urlTemplate\":\"https:\/\/steroidtester.com\/?s={search_term_string}\"},\"query-input\":\"required name=search_term_string\"}],\"inLanguage\":\"sv-SE\"}]}<\/script>\n<!-- \/ Yoast SEO plugin. -->","yoast_head_json":{"title":"K\u00f6pa steroider i Sverige - steroidtester.com","description":"K\u00f6pa steroider i Sverige. Det finns en uppsj\u00f6 av olika hemsidor som s\u00e4ljer steroider och vi v\u00e4ljer ut n\u00e5gra hemsidor att handla fr\u00e5n.","robots":{"index":"index","follow":"follow","max-snippet":"max-snippet:-1","max-image-preview":"max-image-preview:large","max-video-preview":"max-video-preview:-1"},"canonical":"https:\/\/steroidtester.com\/index.php\/kopa-steroider-i-sverige\/","og_locale":"sv_SE","og_type":"article","og_title":"K\u00f6pa steroider i Sverige - steroidtester.com","og_description":"K\u00f6pa steroider i Sverige. Det finns en uppsj\u00f6 av olika hemsidor som s\u00e4ljer steroider och vi v\u00e4ljer ut n\u00e5gra hemsidor att handla fr\u00e5n.","og_url":"https:\/\/steroidtester.com\/index.php\/kopa-steroider-i-sverige\/","og_site_name":"steroidtester.com","article_modified_time":"2023-06-26T03:37:29+00:00","og_image":[{"width":2300,"height":500,"url":"http:\/\/steroidtester.com\/wp-content\/uploads\/2023\/02\/Vi-testar-olika-marken-av-anabola-steroider-i-sverige.jpg","type":"image\/jpeg"}],"twitter_card":"summary_large_image","twitter_misc":{"Ber\u00e4knad l\u00e4stid":"2 minuter"},"schema":{"@context":"https:\/\/schema.org","@graph":[{"@type":"WebPage","@id":"https:\/\/steroidtester.com\/index.php\/kopa-steroider-i-sverige\/","url":"https:\/\/steroidtester.com\/index.php\/kopa-steroider-i-sverige\/","name":"K\u00f6pa steroider i Sverige - steroidtester.com","isPartOf":{"@id":"https:\/\/steroidtester.com\/#website"},"datePublished":"2023-02-27T17:58:45+00:00","dateModified":"2023-06-26T03:37:29+00:00","description":"K\u00f6pa steroider i Sverige. Det finns en uppsj\u00f6 av olika hemsidor som s\u00e4ljer steroider och vi v\u00e4ljer ut n\u00e5gra hemsidor att handla fr\u00e5n.","breadcrumb":{"@id":"https:\/\/steroidtester.com\/index.php\/kopa-steroider-i-sverige\/#breadcrumb"},"inLanguage":"sv-SE","potentialAction":[{"@type":"ReadAction","target":["https:\/\/steroidtester.com\/index.php\/kopa-steroider-i-sverige\/"]}]},{"@type":"BreadcrumbList","@id":"https:\/\/steroidtester.com\/index.php\/kopa-steroider-i-sverige\/#breadcrumb","itemListElement":[{"@type":"ListItem","position":1,"name":"Hem","item":"https:\/\/steroidtester.com\/"},{"@type":"ListItem","position":2,"name":"K\u00f6pa steroider i Sverige"}]},{"@type":"WebSite","@id":"https:\/\/steroidtester.com\/#website","url":"https:\/\/steroidtester.com\/","name":"steroidtester.com","description":"K\u00f6p steroider s\u00e4kert i Sverige","potentialAction":[{"@type":"SearchAction","target":{"@type":"EntryPoint","urlTemplate":"https:\/\/steroidtester.com\/?s={search_term_string}"},"query-input":"required name=search_term_string"}],"inLanguage":"sv-SE"}]}},"_links":{"self":[{"href":"https:\/\/steroidtester.com\/index.php\/wp-json\/wp\/v2\/pages\/5"}],"collection":[{"href":"https:\/\/steroidtester.com\/index.php\/wp-json\/wp\/v2\/pages"}],"about":[{"href":"https:\/\/steroidtester.com\/index.php\/wp-json\/wp\/v2\/types\/page"}],"author":[{"embeddable":true,"href":"https:\/\/steroidtester.com\/index.php\/wp-json\/wp\/v2\/users\/2"}],"replies":[{"embeddable":true,"href":"https:\/\/steroidtester.com\/index.php\/wp-json\/wp\/v2\/comments?post=5"}],"version-history":[{"count":4,"href":"https:\/\/steroidtester.com\/index.php\/wp-json\/wp\/v2\/pages\/5\/revisions"}],"predecessor-version":[{"id":24,"href":"https:\/\/steroidtester.com\/index.php\/wp-json\/wp\/v2\/pages\/5\/revisions\/24"}],"wp:featuredmedia":[{"embeddable":true,"href":"https:\/\/steroidtester.com\/index.php\/wp-json\/wp\/v2\/media\/6"}],"wp:attachment":[{"href":"https:\/\/steroidtester.com\/index.php\/wp-json\/wp\/v2\/media?parent=5"}],"curies":[{"name":"wp","href":"https:\/\/api.w.org\/{rel}","templated":true}]}}